5157 a composite number?
True
Is 1959227 a composite number?
False
Is 271183441 a prime number?
True
Is 6946061 a prime number?
True
Is 3779914 composite?
True
Is 34111207 prime?
False
Is 298975627 composite?
False
Is 241369 a composite number?
True
Is 9866489 composite?
False
Is 319857 a composite number?
True
Is 87721357 a prime number?
True
Is 197175349 a prime number?
False
Is 3126607 a prime number?
False
Is 8576179 a composite number?
True
Is 47772917 prime?
False
Is 16621169 a composite number?
True
Is 5981377 a composite number?
False
Is 190801957 a composite number?
False
Is 13821931 prime?
True
Is 24616513 prime?
False
Is 16092689 composite?
True
Is 4791343 prime?
True
Is 1640899 a composite number?
True
Is 28477733 a composite number?
False
Is 173798437 composite?
False
Is 11316203 a prime number?
False
Is 16415765 a prime number?
False
Is 104187071 a composite number?
False
Is 4479049 a prime number?
True
Is 3559333 a prime number?
False
Is 968908621 prime?
True
Is 690195263 a prime number?
False
Is 4103249 a prime number?
True
Is 214429871 a composite number?
True
Is 52320841 a composite number?
False
Is 15600293 a composite number?
False
Is 159679511 prime?
False
Is 35153243 a composite number?
True
Is 5661587 composite?
False
Is 485924729 a prime number?
True
Is 15665018 composite?
True
Is 19803481 a prime number?
True
Is 13548419 a prime number?
False
Is 443174 prime?
False
Is 74862343 prime?
True
Is 13836547 a composite number?
True
Is 9920233 composite?
True
Is 2378921 a composite number?
False
Is 852347 prime?
True
Is 240319 a prime number?
True
Is 97910401 a composite number?
True
Is 767023 a prime number?
False
Is 3810307 a prime number?
False
Is 3513721 a composite number?
False
Is 8707819 prime?
False
Is 318118447 a prime number?
True
Is 618641 a composite number?
True
Is 15996703 a prime number?
True
Is 34880207 a composite number?
True
Is 3770929 composite?
True
Is 6720145 a prime number?
False
Is 1932481 a composite number?
True
Is 28720805 a composite number?
True
Is 773471 a prime number?
False
Is 22835851 prime?
True
Is 46951 composite?
True
Is 77571761 composite?
True
Is 19143101 composite?
False
Is 36995099 composite?
False
Is 13454479 prime?
False
Is 30643253 a prime number?
False
Is 180590783 a prime number?
False
Is 208041737 a composite number?
True
Is 186337651 prime?
False
Is 974867 a prime number?
True
Is 10630927 a composite number?
True
Is 20133247 prime?
True
Is 1560847 prime?
True
Is 113009593 a prime number?
False
Is 960173 prime?
True
Is 5199607 a prime number?
False
Is 1016781 composite?
True
Is 143126897 a prime number?
False
Is 33708154 a composite number?
True
Is 26923181 prime?
True
Is 8808139 composite?
False
Is 35885 prime?
False
Is 4116917 a composite number?
True
Is 12928459 prime?
True
Is 2093881 a composite number?
False
Is 732673 a composite number?
False
Is 2185933 a composite number?
True
Is 2816641 a composite number?
True
Is 55642571 a composite number?
True
Is 62334557 prime?
True
Is 1285937 a prime number?
True
Is 35982239 prime?
True
Is 542618081 a composite number?
True
Is 278888453 a composite number?
False
Is 4480453 prime?
True
Is 19280971 a composite number?
False
Is 10207061 a composite number?
True
Is 443228453 prime?
False
Is 1513567 a prime number?
False
Is 86495071 composite?
True
Is 19633541 a composite number?
False
Is 82344655 prime?
False
Is 1720001915 a composite number?
True
Is 15572899 a prime number?
False
Is 149828677 composite?
True
Is 172116907 a composite number?
True
Is 4697499 composite?
True
Is 7038841 a composite number?
False
Is 1033637 a prime number?
False
Is 10920671 a composite number?
False
Is 10093717 composite?
False
Is 61433 composite?
True
Is 463971833 a composite number?
True
Is 1916351 a prime number?
True
Is 200067419 a prime number?
True
Is 8891789 a prime number?
False
Is 743342762 prime?
False
Is 10730813 prime?
False
Is 740825674 prime?
False
Is 12734767 prime?
False
Is 20710687 a prime number?
True
Is 8964577 prime?
True
Is 94118477 a composite number?
True
Is 69622691 a prime number?
False
Is 3904801 composite?
False
Is 385252193 composite?
True
Is 5322577 a composite number?
True
Is 54693091 a composite number?
False
Is 210336941 prime?
False
Is 10737689 composite?
False
Is 29144387 a composite number?
False
Is 211738757 composite?
True
Is 51628067 a prime number?
True
Is 408071 a prime number?
True
Is 5797361 a prime number?
False
Is 2844307 composite?
True
Is 5894401 prime?
True
Is 769346 a composite number?
True
Is 379712693 a prime number?
False
Is 36097673 composite?
False
Is 68520247 prime?
True
Is 85775473 prime?
False
Is 9542747 prime?
False
Is 197861122 composite?
True
Is 768293 a composite number?
True
Is 892817 a prime number?
True
Is 486254737 a composite number?
False
Is 594349043 prime?
True
Is 491431 a prime number?
False
Is 2043761 a prime number?
True
Is 90887183 a prime number?
False
Is 6054437 prime?
True
Is 12306881 a prime number?
True
Is 2332607 a composite number?
False
Is 3067 composite?
False
Is 13629377 a prime number?
False
Is 17600981 a composite number?
False
Is 590977 a composite number?
True
Is 35898901 a prime number?
True
Is 215473303 a prime number?
False
Is 286015801 a prime number?
True
Is 347533 a composite number?
False
Is 2382949 a prime number?
False
Is 13113377 prime?
True
Is 12750973 a composite number?
True
Is 147997 prime?
True
Is 423361901 prime?
True
Is 9303423 prime?
False
Is 27019099 composite?
True
Is 21799529 a composite number?
False
Is 26068585 a prime number?
False
Is 1565651 composite?
False
Is 67378603 prime?
True
Is 98626819 a prime number?
False
Is 105315311 composite?
False
Is 68362231 a prime number?
False
Is 1585211 a prime number?
False
Is 9801313 a prime number?
False
Is 167233699 a composite number?
False
Is 79947589 prime?
False
Is 72432001 prime?
True
Is 33161 prime?
True
Is 1998209 a composite number?
False
Is 549529 a composite number?
True
Is 345613 a composite number?
True
Is 9023789 a composite number?
False
Is 9211541 prime?
False
Is 11983957 composite?
False
Is 382960579 prime?
True
Is 595986715 a prime number?
False
Is 700919 a composite number?
False
Is 2537287 prime?
True
Is 1881577 a prime number?
False
Is 9931521 prime?
False
Is 4300819 a composite number?
True
Is 1789427 prime?
True
Is 84247469 a prime number?
True
Is 305623 a composite number?
True
Is 6206227 a prime number?
True
Is 1419593 prime?
False
Is 19424683 composite?
True
Is 1058711 prime?
True
Is 9335965 a composite number?
True
Is 19124647 prime?
True
Is 985289 a prime number?
False
Is 14672101 prime?
True
Is 484073 a composite number?
True
Is 9665971 composite?
True
Is 141024217 prime?
False
Is 37210507 a prime number?
True
Is 31922437 composite?
False
Is 2689333 a composite number?
False
Is 183637 prime?
True
Is 4012661 composite?
True
Is 3009599 a prime number?
False
Is 18488731 a prime number?
False
Is 2075482 composite?
True
Is 81765539 a prime number?
True
Is 5138473 a composite number?
True
Is 530953757 a composite number?
False
Is 43454167 prime?
True
Is 2693633 a composite number?
True
Is 2568739 a prime number?
True
Is 624961 a prime number?
True
Is 2471359 composite?
True
Is 915827 a prime number?
False
Is 8176543 composite?
True
Is 2428037 composite?
False
Is 25972759 a composite number?
False
Is 35172107 composite?
False
Is 196429 a prime number?
True
Is 1449691871 prime?
True
Is 2932363 a prime number?
False
Is 8872943 a prime number?
False
Is 18628267 a composite number?
True
Is 4244099 a composite number?
False
Is 254302357 a composite number?
False
Is 4583991 a composite number?
True
Is 1349417 a prime number?
False
Is 2959823 composite?
False
Is 10856567 a prime number?
True
Is 146165627 a composite number?
True
Is 525641 a composite number?
False
Is 345221 composite?
False
Is 7752167 composite?
True
Is 2859313 composite?
True
Is 1227071 composite?
True
Is 2312747 composite?
False
Is 19006081 a composite number?
False
Is 485765165 prime?
False
Is 50368333 prime?
False
Is 333563 a composite number?
False
Is 7275857 a prime number?
True
Is 56009081 composite?
False
Is 6502337 composite?
False
Is 1678079 a prime number?
False
Is 137889343 a prime number?
False
Is 30946705 a comp